
True
Does 303 divide 364095708?
True
Is 936 a factor of 260785512?
True
Does 135 divide 103261230?
True
Is 309367296 a multiple of 24?
True
Is 10675312 a multiple of 149?
False
Does 85 divide 79856990?
True
Does 231 divide 33836303?
False
Does 13 divide 978568305?
True
Is 437366142 a multiple of 25?
False
Does 4841 divide 518843857?
True
Does 45 divide 53711910?
True
Is 1263 a factor of 187760106?
True
Is 10313120 a multiple of 215?
True
Is 17912437 a multiple of 2072?
False
Does 502 divide 330969280?
False
Is 410935084 a multiple of 114?
False
Is 764418859 a multiple of 5?
False
Does 11 divide 17963506?
True
Is 82 a factor of 2955854?
True
Is 20 a factor of 786593772?
False
Does 124 divide 1571963038?
False
Does 36 divide 21874392?
True
Does 161 divide 40667359?
False
Does 30 divide 227151560?
False
Is 3 a factor of 10025402?
False
Is 19 a factor of 12171438?
True
Is 58109566 a multiple of 663?
False
Is 9467004 a multiple of 12?
True
Does 188 divide 14912348?
True
Is 7 a factor of 32971466?
False
Is 464731509 a multiple of 6459?
True
Is 6 a factor of 355601568?
True
Is 310 a factor of 458200206?
False
Is 1621 a factor of 436232173?
True
Is 760432140 a multiple of 7215?
True
Is 166 a factor of 34366884?
False
Does 3369 divide 55872302?
False
Is 137 a factor of 82041624?
False
Is 7 a factor of 10283760?
False
Is 28675904 a multiple of 668?
True
Is 59637728 a multiple of 34?
False
Is 526 a factor of 5282092?
True
Is 1573 a factor of 760322134?
True
Is 3766513198 a multiple of 13?
False
Is 40991310 a multiple of 124?
False
Does 2 divide 22609687?
False
Does 457 divide 59327787?
False
Does 906 divide 80364012?
True
Is 73438700 a multiple of 231?
False
Does 1506 divide 73217161?
False
Is 15091324 a multiple of 125?
False
Is 10294739 a multiple of 3?
False
Is 360 a factor of 46276200?
True
Does 5 divide 2894705?
True
Is 5712339 a multiple of 239?
True
Is 2131359752 a multiple of 349?
True
Does 6666 divide 858413379?
False
Does 51 divide 404648803?
False
Does 16 divide 661990049?
False
Does 3684 divide 2243556?
True
Is 167388652 a multiple of 332?
False
Does 2647 divide 257929477?
False
Is 115 a factor of 32289470?
True
Is 447 a factor of 347616328?
False
Is 212464010 a multiple of 22?
True
Does 15 divide 860097339?
False
Is 1142 a factor of 671878997?
False
Is 24964636 a multiple of 68?
True
Does 3 divide 16586603?
False
Is 43 a factor of 51545304?
True
Does 54 divide 3636684?
True
Is 801 a factor of 44326764?
False
Is 13 a factor of 134811913?
False
Does 12 divide 56035356?
True
Is 45048960 a multiple of 165?
True
Does 3 divide 479467906?
False
Does 2011 divide 1186298955?
True
Is 30102606 a multiple of 246?
False
Is 19453760 a multiple of 10?
True
Is 12 a factor of 9962532?
True
Is 215 a factor of 233482996?
False
Is 125414455 a multiple of 135?
False
Does 336 divide 41721792?
True
Is 127 a factor of 209905200?
False
Is 129258290 a multiple of 891?
False
Is 440 a factor of 16004790?
False
Is 300417608 a multiple of 1598?
True
Is 241196900 a multiple of 175?
True
Is 87 a factor of 790816602?
True
Is 14 a factor of 122008363?
False
Does 14 divide 363071660?
True
Is 569132179 a multiple of 88?
False
Is 62524572 a multiple of 3468?
True
Is 128 a factor of 335458846?
False
Does 1355 divide 532738575?
True
Does 19 divide 205859739?
False
Does 993 divide 486151987?
False
Is 16 a factor of 84239440?
True
Is 241 a factor of 272996606?
True
Does 44 divide 16757229?
False
Does 2565 divide 2827080621?
False
Is 806 a factor of 1361334?
True
Is 7 a factor of 452623664?
False
Does 1167 divide 4401223949?
False
Is 6448 a factor of 3284720747?
False
Is 4558 a factor of 3084457854?
True
Is 22740884 a multiple of 3?
False
Is 282805040 a multiple of 2108?
False
Is 12 a factor of 1719816?
True
Does 76 divide 99180178?
False
Is 2736374952 a multiple of 12?
True
Is 5 a factor of 3970342?
False
Does 1385 divide 19496645?
True
Is 2168 a factor of 761909209?
False
Is 19 a factor of 207967521?
True
Is 94416610 a multiple of 91?
False
Does 218 divide 1953571?
False
Is 165006648 a multiple of 19?
False
Is 131 a factor of 140326147?
False
Is 8 a factor of 576669810?
False
Does 8 divide 479840800?
True
Is 6663080934 a multiple of 1017?
True
Does 468 divide 273702780?
True
Is 1446 a factor of 56434488?
True
Is 1061 a factor of 38799709?
True
Is 415 a factor of 1937286026?
False
Is 456 a factor of 33222431?
False
Is 240 a factor of 691689168?
False
Is 629 a factor of 86729665?
True
Does 4336 divide 221773392?
True
Does 675 divide 42860822?
False
Is 1037491255 a multiple of 4113?
False
Is 1790967613 a multiple of 16?
False
Does 19 divide 189324284?
True
Does 9 divide 69363594?
True
Is 32040954 a multiple of 427?
False
Does 43 divide 142451452?
False
Does 1406 divide 575180611?
False
Does 22 divide 97948543?
False
Is 2531949 a multiple of 58?
False
Is 14 a factor of 675707606?
True
Is 26129729 a multiple of 87?
False
Is 796 a factor of 1407534960?
True
Is 32 a factor of 20398161?
False
Is 168 a factor of 44029776?
True
Is 11 a factor of 16636764?
False
Is 12313936 a multiple of 35?
False
Does 2683 divide 1139129359?
True
Is 794155180 a multiple of 4823?
True
Is 53 a factor of 702638717?
False
Is 618589464 a multiple of 7?
False
Is 16 a factor of 89673584?
True
Is 598 a factor of 71993220?
True
Does 244 divide 1087765664?
True
Does 41 divide 439940190?
False
Does 15 divide 31958400?
True
Is 2388193396 a multiple of 1385?
False
Does 358 divide 22288006?
True
Is 11 a factor of 101445344?
True
Is 1268 a factor of 150462651?
False
Does 583 divide 28575745?
True
Is 62 a factor of 86689300?
False
Is 58483245 a multiple of 137?
True
Does 16 divide 142293776?
True
Does 3 divide 101809350?
True
Is 8377734 a multiple of 12?
False
Is 8821965 a multiple of 5?
True
Does 2 divide 4658647?
False
Is 4 a factor of 134305096?
True
Is 111958459 a multiple of 490?
False
Does 231 divide 649262460?
True
Is 5002 a factor of 114464611?
False
Does 29 divide 43267607?
False
Does 2928 divide 5430062048?
False
Is 1487075481 a multiple of 7087?
False
Does 64 divide 2984035712?
True
Does 965 divide 7876521?
False
Does 778 divide 33421953?
False
Is 78574169 a multiple of 103?
False
Is 20689605 a multiple of 33?
False
Is 2308375941 a multiple of 163?
False
Is 82362598 a multiple of 229?
True
Is 32286409 a multiple of 6?
False
Does 38 divide 49925140?
False
Is 39160730 a multiple of 7?
True
Does 1663 divide 1817367975?
True
Is 127419413 a multiple of 108?
False
Does 49 divide 196071050?
True
Is 412470253 a multiple of 479?
True
Does 236 divide 279219514?
False
Is 3521738010 a multiple of 1830?
True
Is 950513252 a multiple of 2678?
True
Is 250 a factor of 101151250?
True
Is 39381379 a multiple of 59?
True
Is 391 a factor of 760882787?
False
Is 4291 a factor of 2272196066?
True
Does 3 divide 99296?
False
Does 339 divide 538436966?
False
Is 1118 a factor of 257640864?
True
Is 727078518 a multiple of 81?
True
Is 914 a factor of 28648416?
True
Is 2 a factor of 470152707?
False
Is 43124224 a multiple of 494?
True
Is 13061464 a multiple of 52?
True
Is 1203 a factor of 85912245?
True
Does 22 divide 29521153?
False
Is 10 a factor of 17829350?
True
Is 14 a factor of 116097485?
False
Does 228 divide 949320?
False
Is 95560140 a multiple of 878?
False
Is 48 a factor of 1827622630?
False
Is 307931288 a multiple of 196?
True
Is 181696939 a multiple of 16?
False
Is 222 a factor of 236291694?
True
Is 346 a factor of 1054502816?
True
Is 125840345 a multiple of 163?
False
Does 267 divide 873759246?
False
Is 1020333 a multiple of 9?
False
Is 96034536 a multiple of 13?
True
Is 40461138 a multiple of 62?
True
Does 143 divide 2551844438?
True
Does 24 divide 137238408?
True
Is 538 a factor of 348599594?
False
Is 74 a factor of 4479133420?
True
Is 127286569 a multiple of 12?
False
Does 6262 divide 4370130822?
True
Does 319 divide 68287102?
False
Is 505 a factor of 423711308?
False
Is 606 a factor of 137395156?
False
Is 683 a factor of 5370913?
False
Does 634 divide 282262968?
False
Is 1336 a factor of 218998168?
False
Is 316 a factor of 558212782?
False
Is 41067754 a multiple of 1222?
True
Is 95120340 a multiple of 70?
True
Does 508 divide 78747928?
False
Is 337129212 a multiple of 4958?
False
Does 157 divide 132947757?
True
Does 83 